{"id":145,"date":"2018-08-06T18:44:26","date_gmt":"2018-08-06T16:44:26","guid":{"rendered":"https:\/\/weisermilan.de\/?page_id=145"},"modified":"2020-08-04T16:15:57","modified_gmt":"2020-08-04T14:15:57","slug":"ausruestung-bei-der-jagd","status":"publish","type":"page","link":"https:\/\/weissermilan.de\/?page_id=145","title":{"rendered":"Ausr\u00fcstung: Ansitzjagd"},"content":{"rendered":"\n<div class=\"wp-block-image\"><figure class=\"aligncenter size-large is-resized\"><img loading=\"lazy\" src=\"https:\/\/weissermilan.de\/wp-content\/uploads\/2020\/08\/200730Jagdausr\u00fcstung-1024x768.jpg\" alt=\"\" class=\"wp-image-882\" width=\"768\" height=\"576\" srcset=\"https:\/\/weissermilan.de\/wp-content\/uploads\/2020\/08\/200730Jagdausr\u00fcstung-1024x768.jpg 1024w, https:\/\/weissermilan.de\/wp-content\/uploads\/2020\/08\/200730Jagdausr\u00fcstung-300x225.jpg 300w, https:\/\/weissermilan.de\/wp-content\/uploads\/2020\/08\/200730Jagdausr\u00fcstung-768x576.jpg 768w, https:\/\/weissermilan.de\/wp-content\/uploads\/2020\/08\/200730Jagdausr\u00fcstung-1536x1152.jpg 1536w, https:\/\/weissermilan.de\/wp-content\/uploads\/2020\/08\/200730Jagdausr\u00fcstung-2048x1536.jpg 2048w\" sizes=\"(max-width: 768px) 100vw, 768px\" \/><figcaption><em>Beispiel einer Jagdausr\u00fcstung<\/em>.<\/figcaption><\/figure><\/div>\n\n\n\n<p>Welche Ausr\u00fcstung bei der Jagd mitgef\u00fchrt wird, ist sicher eine sehr individuelle Sache. Dennoch m\u00f6chte ich hier der Vollst\u00e4ndigkeit halber das g\u00e4ngigste Equipment aufz\u00e4hlen, um beispielsweise Jungj\u00e4gern eine Orientierung geben zu k\u00f6nnen.<\/p>\n\n\n\n<div style=\"height:50px\" aria-hidden=\"true\" class=\"wp-block-spacer\"><\/div>\n\n\n\n<h2>Minimalausr\u00fcstung f\u00fcr die Ansitzjagd<\/h2>\n\n\n\n<ul><li>Doppelfernglas<\/li><li>Jagdwaffe (ggf. Ent\u00f6len nicht vergessen)<\/li><li>Jagdmunition<\/li><li>Geh\u00f6rschutz und\/oder Schalld\u00e4mpfer<\/li><li>Dokumente (Personalausweis\/Pass, WBK, Jagdschein, ggf. Nachweis Jagdaus\u00fcbungsberechtigung)<\/li><li>ggf. Ersatzbatterien (z.B. f\u00fcr ein Leuchtpunktvisier oder beleuchtetes Absehen)<\/li><li>scharfes, f\u00fcr den Aufbruch geeignetes Messer<\/li><li>Festes Schuhwerk und dem Wetter angepasste, ger\u00e4uscharme Bekleidung<\/li><\/ul>\n\n\n\n<h2>Weitere n\u00fctzliche Gegenst\u00e4nde<\/h2>\n\n\n\n<ul><li>Einmalhandschuhe<\/li><li>Insektenschutzmittel<\/li><li>Erste Hilfe Set<\/li><li>Stirnlampe<\/li><li>Aufbruchshilfsmittel (Haken etc.)<\/li><li>Wildwanne oder vergleichbares<\/li><\/ul>\n\n\n\n<div style=\"height:20px\" aria-hidden=\"true\" class=\"wp-block-spacer\"><\/div>\n\n\n\n<div class=\"wp-block-image\"><figure class=\"alignleft size-large is-resized\"><img loading=\"lazy\" src=\"https:\/\/weissermilan.de\/wp-content\/uploads\/2020\/07\/200730Verschlusst\u00fcte-1-1024x678.jpg\" alt=\"Die getrennte Aufbewahrung eines wesentlichen Waffenteils w\u00e4hrend dem Transport erh\u00f6ht die Sicherheit.\" class=\"wp-image-775\" width=\"512\" height=\"339\" srcset=\"https:\/\/weissermilan.de\/wp-content\/uploads\/2020\/07\/200730Verschlusst\u00fcte-1-1024x678.jpg 1024w, https:\/\/weissermilan.de\/wp-content\/uploads\/2020\/07\/200730Verschlusst\u00fcte-1-300x200.jpg 300w, https:\/\/weissermilan.de\/wp-content\/uploads\/2020\/07\/200730Verschlusst\u00fcte-1-768x508.jpg 768w, https:\/\/weissermilan.de\/wp-content\/uploads\/2020\/07\/200730Verschlusst\u00fcte-1-1536x1017.jpg 1536w, https:\/\/weissermilan.de\/wp-content\/uploads\/2020\/07\/200730Verschlusst\u00fcte-1-2048x1355.jpg 2048w, https:\/\/weissermilan.de\/wp-content\/uploads\/2020\/07\/200730Verschlusst\u00fcte-1-90x60.jpg 90w\" sizes=\"(max-width: 512px) 100vw, 512px\" \/><figcaption><em>Die getrennte Aufbewahrung eines wesentlichen Waffenteils w\u00e4hrend dem Transport erh\u00f6ht die Sicherheit.<\/em><\/figcaption><\/figure><\/div>\n\n\n\n<p>Seit der Novelle des Waffengesetzes 2017 habe ich auch immer eine Plastikt\u00fcte f\u00fcr den Verschluss dabei. Damit habe ich die M\u00f6glichkeit, diesen separat von der Waffe bei mir zu tragen. Das ist dann sinnvoll, wenn sich die Waffe z.B. vor\u00fcbergehend unbeaufsichtigt im Fahrzeug befindet. Wird die Waffe entwendet, kann der Dieb damit nichts anfangen, da ihm ein relevantes Waffenteil fehlt. Diese M\u00f6glichkeit hat der Gesetzgeber 2017 bewusst geschaffen. Das \u201eF\u00fchren\u201c des relevanten Teils bedarf in diesem Rahmen keiner Erlaubnis.<\/p>\n\n\n\n<p>Dies ist keine Rechtsberatung, keine Gew\u00e4hr f\u00fcr die Richtigkeit der Angaben!<\/p>\n","protected":false},"excerpt":{"rendered":"<p>Welche Ausr\u00fcstung bei der Jagd mitgef\u00fchrt wird, ist sicher eine sehr individuelle Sache. Dennoch m\u00f6chte ich hier der Vollst\u00e4ndigkeit halber das g\u00e4ngigste Equipment aufz\u00e4hlen, um beispielsweise Jungj\u00e4gern eine Orientierung geben&hellip;<\/p>\n<div class=\"read-more-wrap\"><a class=\"read-more\" href=\"https:\/\/weissermilan.de\/?page_id=145\">Read More<\/a><\/div>\n","protected":false},"author":1,"featured_media":0,"parent":101,"menu_order":3,"comment_status":"closed","ping_status":"closed","template":"","meta":[],"yoast_head":"<!-- This site is optimized with the Yoast SEO plugin v19.4 - https:\/\/yoast.com\/wordpress\/plugins\/seo\/ -->\n<title>Ausr\u00fcstung Ansitzjagd<\/title>\n<meta name=\"robots\" content=\"index, follow, max-snippet:-1, max-image-preview:large, max-video-preview:-1\" \/>\n<link rel=\"canonical\" href=\"https:\/\/weissermilan.de\/?page_id=145\" \/>\n<meta property=\"og:locale\" content=\"de_DE\" \/>\n<meta property=\"og:type\" content=\"article\" \/>\n<meta property=\"og:title\" content=\"Ausr\u00fcstung Ansitzjagd\" \/>\n<meta property=\"og:description\" content=\"Welche Ausr\u00fcstung bei der Jagd mitgef\u00fchrt wird, ist sicher eine sehr individuelle Sache. Dennoch m\u00f6chte ich hier der Vollst\u00e4ndigkeit halber das g\u00e4ngigste Equipment aufz\u00e4hlen, um beispielsweise Jungj\u00e4gern eine Orientierung geben&hellip;Read More\" \/>\n<meta property=\"og:url\" content=\"https:\/\/weissermilan.de\/?page_id=145\" \/>\n<meta property=\"article:modified_time\" content=\"2020-08-04T14:15:57+00:00\" \/>\n<meta property=\"og:image\" content=\"https:\/\/weissermilan.de\/wp-content\/uploads\/2020\/08\/200730Jagdausr\u00fcstung-1024x768.jpg\" \/>\n<meta name=\"twitter:card\" content=\"summary_large_image\" \/>\n<meta name=\"twitter:label1\" content=\"Gesch\u00e4tzte Lesezeit\" \/>\n\t<meta name=\"twitter:data1\" content=\"1\u00a0Minute\" \/>\n<script type=\"application\/ld+json\" class=\"yoast-schema-graph\">{\"@context\":\"https:\/\/schema.org\",\"@graph\":[{\"@type\":\"Organization\",\"@id\":\"https:\/\/weissermilan.de\/#organization\",\"name\":\"WeisserMilan.de\",\"url\":\"https:\/\/weissermilan.de\/\",\"sameAs\":[],\"logo\":{\"@type\":\"ImageObject\",\"inLanguage\":\"de\",\"@id\":\"https:\/\/weissermilan.de\/#\/schema\/logo\/image\/\",\"url\":\"https:\/\/weissermilan.de\/wp-content\/uploads\/2018\/07\/milanlogo_transp.gif\",\"contentUrl\":\"https:\/\/weissermilan.de\/wp-content\/uploads\/2018\/07\/milanlogo_transp.gif\",\"width\":788,\"height\":788,\"caption\":\"WeisserMilan.de\"},\"image\":{\"@id\":\"https:\/\/weissermilan.de\/#\/schema\/logo\/image\/\"}},{\"@type\":\"WebSite\",\"@id\":\"https:\/\/weissermilan.de\/#website\",\"url\":\"https:\/\/weissermilan.de\/\",\"name\":\"\",\"description\":\"\",\"publisher\":{\"@id\":\"https:\/\/weissermilan.de\/#organization\"},\"potentialAction\":[{\"@type\":\"SearchAction\",\"target\":{\"@type\":\"EntryPoint\",\"urlTemplate\":\"https:\/\/weissermilan.de\/?s={search_term_string}\"},\"query-input\":\"required name=search_term_string\"}],\"inLanguage\":\"de\"},{\"@type\":\"WebPage\",\"@id\":\"https:\/\/weissermilan.de\/?page_id=145\",\"url\":\"https:\/\/weissermilan.de\/?page_id=145\",\"name\":\"Ausr\u00fcstung Ansitzjagd\",\"isPartOf\":{\"@id\":\"https:\/\/weissermilan.de\/#website\"},\"datePublished\":\"2018-08-06T16:44:26+00:00\",\"dateModified\":\"2020-08-04T14:15:57+00:00\",\"breadcrumb\":{\"@id\":\"https:\/\/weissermilan.de\/?page_id=145#breadcrumb\"},\"inLanguage\":\"de\",\"potentialAction\":[{\"@type\":\"ReadAction\",\"target\":[\"https:\/\/weissermilan.de\/?page_id=145\"]}]},{\"@type\":\"BreadcrumbList\",\"@id\":\"https:\/\/weissermilan.de\/?page_id=145#breadcrumb\",\"itemListElement\":[{\"@type\":\"ListItem\",\"position\":1,\"name\":\"Startseite\",\"item\":\"https:\/\/weissermilan.de\/\"},{\"@type\":\"ListItem\",\"position\":2,\"name\":\"Waffen\",\"item\":\"https:\/\/weissermilan.de\/?page_id=101\"},{\"@type\":\"ListItem\",\"position\":3,\"name\":\"Ausr\u00fcstung: Ansitzjagd\"}]}]}<\/script>\n<!-- \/ Yoast SEO plugin. -->","yoast_head_json":{"title":"Ausr\u00fcstung Ansitzjagd","robots":{"index":"index","follow":"follow","max-snippet":"max-snippet:-1","max-image-preview":"max-image-preview:large","max-video-preview":"max-video-preview:-1"},"canonical":"https:\/\/weissermilan.de\/?page_id=145","og_locale":"de_DE","og_type":"article","og_title":"Ausr\u00fcstung Ansitzjagd","og_description":"Welche Ausr\u00fcstung bei der Jagd mitgef\u00fchrt wird, ist sicher eine sehr individuelle Sache. Dennoch m\u00f6chte ich hier der Vollst\u00e4ndigkeit halber das g\u00e4ngigste Equipment aufz\u00e4hlen, um beispielsweise Jungj\u00e4gern eine Orientierung geben&hellip;Read More","og_url":"https:\/\/weissermilan.de\/?page_id=145","article_modified_time":"2020-08-04T14:15:57+00:00","og_image":[{"url":"https:\/\/weissermilan.de\/wp-content\/uploads\/2020\/08\/200730Jagdausr\u00fcstung-1024x768.jpg"}],"twitter_card":"summary_large_image","twitter_misc":{"Gesch\u00e4tzte Lesezeit":"1\u00a0Minute"},"schema":{"@context":"https:\/\/schema.org","@graph":[{"@type":"Organization","@id":"https:\/\/weissermilan.de\/#organization","name":"WeisserMilan.de","url":"https:\/\/weissermilan.de\/","sameAs":[],"logo":{"@type":"ImageObject","inLanguage":"de","@id":"https:\/\/weissermilan.de\/#\/schema\/logo\/image\/","url":"https:\/\/weissermilan.de\/wp-content\/uploads\/2018\/07\/milanlogo_transp.gif","contentUrl":"https:\/\/weissermilan.de\/wp-content\/uploads\/2018\/07\/milanlogo_transp.gif","width":788,"height":788,"caption":"WeisserMilan.de"},"image":{"@id":"https:\/\/weissermilan.de\/#\/schema\/logo\/image\/"}},{"@type":"WebSite","@id":"https:\/\/weissermilan.de\/#website","url":"https:\/\/weissermilan.de\/","name":"","description":"","publisher":{"@id":"https:\/\/weissermilan.de\/#organization"},"potentialAction":[{"@type":"SearchAction","target":{"@type":"EntryPoint","urlTemplate":"https:\/\/weissermilan.de\/?s={search_term_string}"},"query-input":"required name=search_term_string"}],"inLanguage":"de"},{"@type":"WebPage","@id":"https:\/\/weissermilan.de\/?page_id=145","url":"https:\/\/weissermilan.de\/?page_id=145","name":"Ausr\u00fcstung Ansitzjagd","isPartOf":{"@id":"https:\/\/weissermilan.de\/#website"},"datePublished":"2018-08-06T16:44:26+00:00","dateModified":"2020-08-04T14:15:57+00:00","breadcrumb":{"@id":"https:\/\/weissermilan.de\/?page_id=145#breadcrumb"},"inLanguage":"de","potentialAction":[{"@type":"ReadAction","target":["https:\/\/weissermilan.de\/?page_id=145"]}]},{"@type":"BreadcrumbList","@id":"https:\/\/weissermilan.de\/?page_id=145#breadcrumb","itemListElement":[{"@type":"ListItem","position":1,"name":"Startseite","item":"https:\/\/weissermilan.de\/"},{"@type":"ListItem","position":2,"name":"Waffen","item":"https:\/\/weissermilan.de\/?page_id=101"},{"@type":"ListItem","position":3,"name":"Ausr\u00fcstung: Ansitzjagd"}]}]}},"_links":{"self":[{"href":"https:\/\/weissermilan.de\/index.php?rest_route=\/wp\/v2\/pages\/145"}],"collection":[{"href":"https:\/\/weissermilan.de\/index.php?rest_route=\/wp\/v2\/pages"}],"about":[{"href":"https:\/\/weissermilan.de\/index.php?rest_route=\/wp\/v2\/types\/page"}],"author":[{"embeddable":true,"href":"https:\/\/weissermilan.de\/index.php?rest_route=\/wp\/v2\/users\/1"}],"replies":[{"embeddable":true,"href":"https:\/\/weissermilan.de\/index.php?rest_route=%2Fwp%2Fv2%2Fcomments&post=145"}],"version-history":[{"count":10,"href":"https:\/\/weissermilan.de\/index.php?rest_route=\/wp\/v2\/pages\/145\/revisions"}],"predecessor-version":[{"id":909,"href":"https:\/\/weissermilan.de\/index.php?rest_route=\/wp\/v2\/pages\/145\/revisions\/909"}],"up":[{"embeddable":true,"href":"https:\/\/weissermilan.de\/index.php?rest_route=\/wp\/v2\/pages\/101"}],"wp:attachment":[{"href":"https:\/\/weissermilan.de\/index.php?rest_route=%2Fwp%2Fv2%2Fmedia&parent=145"}],"curies":[{"name":"wp","href":"https:\/\/api.w.org\/{rel}","templated":true}]}}