{"id":814,"date":"2020-07-31T23:07:10","date_gmt":"2020-07-31T21:07:10","guid":{"rendered":"https:\/\/weissermilan.de\/?page_id=814"},"modified":"2020-08-03T15:28:58","modified_gmt":"2020-08-03T13:28:58","slug":"trefferdokumentation","status":"publish","type":"page","link":"https:\/\/weissermilan.de\/?page_id=814","title":{"rendered":"Trefferdokumentation"},"content":{"rendered":"\n<div class=\"wp-block-image\"><figure class=\"alignright size-large is-resized\"><img loading=\"lazy\" src=\"https:\/\/weissermilan.de\/wp-content\/uploads\/2020\/07\/200730TrefferdokuZielscheiben-1019x1024.jpg\" alt=\"Stehordner mit beschossenen Zielscheiben. Zugegebenerma\u00dfen ginge die Ablage auch etwas ordentlicher ;-)\" class=\"wp-image-794\" width=\"255\" height=\"256\" srcset=\"https:\/\/weissermilan.de\/wp-content\/uploads\/2020\/07\/200730TrefferdokuZielscheiben-1019x1024.jpg 1019w, https:\/\/weissermilan.de\/wp-content\/uploads\/2020\/07\/200730TrefferdokuZielscheiben-300x300.jpg 300w, https:\/\/weissermilan.de\/wp-content\/uploads\/2020\/07\/200730TrefferdokuZielscheiben-150x150.jpg 150w, https:\/\/weissermilan.de\/wp-content\/uploads\/2020\/07\/200730TrefferdokuZielscheiben-768x772.jpg 768w, https:\/\/weissermilan.de\/wp-content\/uploads\/2020\/07\/200730TrefferdokuZielscheiben-1529x1536.jpg 1529w, https:\/\/weissermilan.de\/wp-content\/uploads\/2020\/07\/200730TrefferdokuZielscheiben-2039x2048.jpg 2039w\" sizes=\"(max-width: 255px) 100vw, 255px\" \/><figcaption><em>Stehordner mit beschossenen Zielscheiben. Zugegebenerma\u00dfen ginge die Ablage auch etwas ordentlicher \ud83d\ude09<\/em><\/figcaption><\/figure><\/div>\n\n\n\n<p>Die trefferspezifischen Daten werden zweckm\u00e4\u00dfigerweise<strong> direkt auf der Zielscheibe<\/strong> notiert. Dadurch stehen die Daten immer bei den zugeh\u00f6rigen Treffern. Hierf\u00fcr verwende ich, wo immer m\u00f6glich, meine Anschussscheibe im DIN A4-Format (siehe <a href=\"https:\/\/weissermilan.de\/?page_id=720\">Downloads<\/a>). Alternativ schreibe ich die Daten formlos auf eine beliebige andere Zielscheibe. Die beschossenen und beschrifteten Scheiben lege ich dann nach Waffe separiert in einem Stehordner ab, dieser ergibt dann den &#8222;station\u00e4ren&#8220; Teil meiner Trefferdokumentation.<\/p>\n\n\n\n<p>In manchen F\u00e4llen ist das Beschriften der beschossenen Zielscheiben nicht m\u00f6glich oder zumindest nicht sinnvoll. Das ist beispielsweise bei gro\u00dfen Schussdistanzen und damit gro\u00dfen Scheiben oder bei elektronischen Trefferauswertungen ohne Drucker der Fall. Hierf\u00fcr habe ich in meinem Datenbuch immer einige schematische Zielscheiben im DIN A6-Format (siehe <a href=\"https:\/\/weissermilan.de\/?page_id=720\">Downloads<\/a>) dabei. Darauf k\u00f6nnen alle Treffer \u00fcbertragen und s\u00e4mtliche Daten sauber dokumentiert werden.<\/p>\n\n\n\n<div style=\"height:50px\" aria-hidden=\"true\" class=\"wp-block-spacer\"><\/div>\n\n\n\n<h2>Welche Daten sind f\u00fcr die Trefferdokumentation relevant?<\/h2>\n\n\n\n<h4>Eindeutige Bezeichnung der Waffe, M\u00fcndungsaufsatz, Schalld\u00e4mpfer<\/h4>\n\n\n\n<div class=\"wp-block-image\"><figure class=\"alignright size-large is-resized\"><img loading=\"lazy\" src=\"https:\/\/weissermilan.de\/wp-content\/uploads\/2020\/08\/200731Zielscheibe-724x1024.jpg\" alt=\"Beschossene Zielscheibe mit ausgef\u00fcllten Feldern und Auswertung.\" class=\"wp-image-833\" width=\"543\" height=\"768\" srcset=\"https:\/\/weissermilan.de\/wp-content\/uploads\/2020\/08\/200731Zielscheibe-724x1024.jpg 724w, https:\/\/weissermilan.de\/wp-content\/uploads\/2020\/08\/200731Zielscheibe-212x300.jpg 212w, https:\/\/weissermilan.de\/wp-content\/uploads\/2020\/08\/200731Zielscheibe-768x1086.jpg 768w, https:\/\/weissermilan.de\/wp-content\/uploads\/2020\/08\/200731Zielscheibe.jpg 992w\" sizes=\"(max-width: 543px) 100vw, 543px\" \/><figcaption><em>Beschossene Zielscheibe mit ausgef\u00fcllten Feldern und Auswertung.<\/em><\/figcaption><\/figure><\/div>\n\n\n\n<p>Die Waffe muss eindeutig bezeichnet werden und f\u00fcr den Fall, dass an dieser Waffe z.B. im Wechsel ein M\u00fcndungsfeuerd\u00e4mpfer und ein Schalld\u00e4mpfer verwendet wird, muss auch das vermerkt werden (z.B. <a href=\"https:\/\/www.schwarzermilan.de\/Schalldaempfer\/ASE-UTRA\/Borelock-Schalldaempfer:::17_104_101.html\">Ase Utra Bore Lock System<\/a>). Fast jeder M\u00fcndungsaufsatz sorgt f\u00fcr eine gewisse Abweichung der Treffpunktlage.<\/p>\n\n\n\n<h4>Sch\u00fctze, Anschlag und Waffenauflage<\/h4>\n\n\n\n<p>Je nach Sch\u00fctze, Anschlag und Waffenauflage kann sich die Treffpunktlage etwas \u00e4ndern. Hier notiere ich grunds\u00e4tzlich nur Abk\u00fcrzungen, das beschleunigt den Ausf\u00fcllvorgang. Der Anschlag kann z.B. sitzend, sitzend am Tisch, stehend oder liegend sein. Als Auflage dienen z.B. Sandsack, Zweibein oder Einie\u00dfbock.<\/p>\n\n\n\n<h4>Wetterdaten: Lufttemperatur, Windst\u00e4rke und -richtung, relative Luftfeuchtigkeit, Luftdruck<\/h4>\n\n\n\n<p>Die wichtigsten Wetterdaten sind der Wind und die Temperatur. Die Windrichtung kann relativ leicht ohne elektronische Hilfsmittel bestimmt werden, sie wird in den vorgegebenen Kreis auf der Anschussscheibe eingetragen. Je nach Segment beeinflusst der Wind die Seitenabweichung so gut wie gar nicht (0), nur mit der halben Geschwindigkeit (1\/2) oder voll (1). Diese Einteilung ist zwar relativ grob, aber ein guter Kompromiss zwischen Praxistauglichkeit und Pr\u00e4zision. Die Windgeschwindigkeit kann im Bereich des Sch\u00fctzen mit einem Anemometer gemessen oder anhand verschiedener Merkmale in der Umgebung grob abgesch\u00e4tzt werden. Die weiteren Wetterdaten sind nur f\u00fcr gr\u00f6\u00dfere Entfernungen relevant. So gewinnt der Luftdruck erst ab 450 m und die Luftfeuchte erst ab 900 m Entfernung einen nennenswerten Einfluss (au\u00dfer man bewegt sich in unterschiedlichen H\u00f6henlagen). F\u00fcr diese Distanzen ist die Scheibe im A4 Format jedoch zu klein, weshalb es auch keine Felder f\u00fcr diese Werte gibt.<\/p>\n\n\n\n<div class=\"wp-block-image\"><figure class=\"alignright size-large is-resized\"><img loading=\"lazy\" src=\"https:\/\/weissermilan.de\/wp-content\/uploads\/2020\/08\/200731Zielscheibe100m300m.jpg\" alt=\"Bei dieser Scheibe wurde die Schie\u00dfentfernung nicht notiert - f\u00fcr 300 m ist das Ergebnis gut, f\u00fcr 100 m ziemlich schlecht.\" class=\"wp-image-834\" width=\"500\" height=\"495\" srcset=\"https:\/\/weissermilan.de\/wp-content\/uploads\/2020\/08\/200731Zielscheibe100m300m.jpg 1000w, https:\/\/weissermilan.de\/wp-content\/uploads\/2020\/08\/200731Zielscheibe100m300m-300x297.jpg 300w, https:\/\/weissermilan.de\/wp-content\/uploads\/2020\/08\/200731Zielscheibe100m300m-150x150.jpg 150w, https:\/\/weissermilan.de\/wp-content\/uploads\/2020\/08\/200731Zielscheibe100m300m-768x760.jpg 768w\" sizes=\"(max-width: 500px) 100vw, 500px\" \/><figcaption><em>Bei dieser Scheibe wurde die Schie\u00dfentfernung nicht notiert &#8211; f\u00fcr 300 m ist das Ergebnis gut, f\u00fcr 100 m ziemlich schlecht.<\/em><\/figcaption><\/figure><\/div>\n\n\n\n<h4>Entfernung<\/h4>\n\n\n\n<p>Ohne Entfernungsangabe ist das Schie\u00dfergebnis nutzlos.<\/p>\n\n\n\n<h4>Geschosstyp und -gewicht<\/h4>\n\n\n\n<p>Der Geschosstyp und damit die Form haben einen ganz entscheidenden Einfluss auf die Flugbahn. Ebenso das Geschossgewicht.<\/p>\n\n\n\n<h4>Pulvertyp, Pulvermenge, H\u00fclsentyp, H\u00fclsenvolumen und Setztiefe bzw. OAL<\/h4>\n\n\n\n<p>Diese Informationen sind f\u00fcr Wiederlader relevant, um verschiedene Laborierungen vergleichen zu k\u00f6nnen. Das H\u00fclsenvolumen sollte vor allem bei kleinen H\u00fclsen ermittelt werden, da etwaige Differenzen einen erheblichen Einfluss auf die M\u00fcndungsgeschwindigkeit haben k\u00f6nnen. Siehe auch H\u00fclsenmasse und Volumen.<\/p>\n\n\n\n<h4>Los-Nummer<\/h4>\n\n\n\n<p>Die Losnummer der Munition bzw. des Pulvers. Mit einem anderen Los k\u00f6nnen sich Treffpunktlage und Pr\u00e4zision deutlich \u00e4ndern.<\/p>\n\n\n\n<div class=\"wp-block-image\"><figure class=\"alignright size-large is-resized\"><img loading=\"lazy\" src=\"https:\/\/weissermilan.de\/wp-content\/uploads\/2020\/08\/200803Losnummern-1024x925.jpg\" alt=\"Munition aus verschiedenen Fertigungschargen kann unterschiedliche Treffpunktlagen aufweisen.\" class=\"wp-image-836\" width=\"512\" height=\"463\" srcset=\"https:\/\/weissermilan.de\/wp-content\/uploads\/2020\/08\/200803Losnummern-1024x925.jpg 1024w, https:\/\/weissermilan.de\/wp-content\/uploads\/2020\/08\/200803Losnummern-300x271.jpg 300w, https:\/\/weissermilan.de\/wp-content\/uploads\/2020\/08\/200803Losnummern-768x694.jpg 768w, https:\/\/weissermilan.de\/wp-content\/uploads\/2020\/08\/200803Losnummern-1536x1387.jpg 1536w, https:\/\/weissermilan.de\/wp-content\/uploads\/2020\/08\/200803Losnummern-2048x1849.jpg 2048w\" sizes=\"(max-width: 512px) 100vw, 512px\" \/><figcaption><em>Munition aus verschiedenen Fertigungschargen kann unterschiedliche Treffpunktlagen aufweisen.<\/em><\/figcaption><\/figure><\/div>\n\n\n\n<h4>Ort\/Datum und Zweck<\/h4>\n\n\n\n<p>Neben Ort und Datum sollte auch der Zweck des Schie\u00dfens notiert werden. Zu einem sp\u00e4teren Zeitpunkt l\u00e4sst sich dadurch leichter nachvollziehen, wo der Fokus bei den vorliegenden Treffern lag.<\/p>\n\n\n\n<div class=\"wp-block-columns\">\n<div class=\"wp-block-column\">\n<div class=\"wp-block-image\"><figure class=\"aligncenter size-large is-resized\"><img loading=\"lazy\" src=\"https:\/\/weissermilan.de\/wp-content\/uploads\/2020\/08\/200731Geschosse224-1024x968.jpg\" alt=\"Drei sehr unterschiedliche Geschosse im Kaliber 224: Sierra TMK 77 gr, Speer SP 50 gr, Barnes TTSX 62 gr bleifrei.\" class=\"wp-image-835\" width=\"256\" height=\"242\" srcset=\"https:\/\/weissermilan.de\/wp-content\/uploads\/2020\/08\/200731Geschosse224-1024x968.jpg 1024w, https:\/\/weissermilan.de\/wp-content\/uploads\/2020\/08\/200731Geschosse224-300x284.jpg 300w, https:\/\/weissermilan.de\/wp-content\/uploads\/2020\/08\/200731Geschosse224-768x726.jpg 768w, https:\/\/weissermilan.de\/wp-content\/uploads\/2020\/08\/200731Geschosse224.jpg 1159w\" sizes=\"(max-width: 256px) 100vw, 256px\" \/><figcaption><em>Drei sehr unterschiedliche Geschosse im Kaliber 224: Sierra TMK 77 gr, Speer SP 50 gr, Barnes TTSX 62 gr bleifrei.<\/em><\/figcaption><\/figure><\/div>\n<\/div>\n\n\n\n<div class=\"wp-block-column\">\n<div class=\"wp-block-image\"><figure class=\"aligncenter size-large is-resized\"><img loading=\"lazy\" src=\"https:\/\/weissermilan.de\/wp-content\/uploads\/2020\/08\/200730Pulverbeh\u00e4lter-1024x768.jpg\" alt=\"Pulver von Norma und Vihtavuori.\" class=\"wp-image-838\" width=\"256\" height=\"192\" srcset=\"https:\/\/weissermilan.de\/wp-content\/uploads\/2020\/08\/200730Pulverbeh\u00e4lter-1024x768.jpg 1024w, https:\/\/weissermilan.de\/wp-content\/uploads\/2020\/08\/200730Pulverbeh\u00e4lter-300x225.jpg 300w, https:\/\/weissermilan.de\/wp-content\/uploads\/2020\/08\/200730Pulverbeh\u00e4lter-768x576.jpg 768w, https:\/\/weissermilan.de\/wp-content\/uploads\/2020\/08\/200730Pulverbeh\u00e4lter-1536x1152.jpg 1536w, https:\/\/weissermilan.de\/wp-content\/uploads\/2020\/08\/200730Pulverbeh\u00e4lter-2048x1536.jpg 2048w\" sizes=\"(max-width: 256px) 100vw, 256px\" \/><figcaption><em>Pulver von Norma und Vihtavuori.<\/em><\/figcaption><\/figure><\/div>\n<\/div>\n<\/div>\n\n\n\n<div style=\"height:20px\" aria-hidden=\"true\" class=\"wp-block-spacer\"><\/div>\n\n\n\n<h4>Optik und Einstellung<\/h4>\n\n\n\n<p>Gerade wenn man auf einer Waffe mehr als eine Optik einsetzt, muss der Typ der verwendeten Optik notiert werden. Das Vermerken der jeweiligen Einstellung versteht sich von selbst. Bei Gl\u00e4sern oder Leuchtpunktvisieren ohne beschriftete Skala ist das leider etwas aufw\u00e4ndiger, aber dennoch unumg\u00e4nglich. Ansonsten ist ein Vergleichen von Treffpunktlagen einfach nicht m\u00f6glich.<\/p>\n\n\n\n<p>Wie l\u00e4sst sich das halbwegs pragmatisch bewerkstelligen?<\/p>\n\n\n\n<div class=\"wp-block-image\"><figure class=\"alignright size-large is-resized\"><img loading=\"lazy\" src=\"https:\/\/weissermilan.de\/wp-content\/uploads\/2020\/08\/200803Adjustment-1024x613.jpg\" alt=\"Durch Definieren eines Nullpunkts kann auch bei Optiken ohne Skalenbeschriftung ein Zahlenwert f\u00fcr die Einstellung ermittelt werden.\" class=\"wp-image-840\" width=\"768\" height=\"460\" srcset=\"https:\/\/weissermilan.de\/wp-content\/uploads\/2020\/08\/200803Adjustment-1024x613.jpg 1024w, https:\/\/weissermilan.de\/wp-content\/uploads\/2020\/08\/200803Adjustment-300x180.jpg 300w, https:\/\/weissermilan.de\/wp-content\/uploads\/2020\/08\/200803Adjustment-768x460.jpg 768w, https:\/\/weissermilan.de\/wp-content\/uploads\/2020\/08\/200803Adjustment-1536x920.jpg 1536w, https:\/\/weissermilan.de\/wp-content\/uploads\/2020\/08\/200803Adjustment.jpg 1554w\" sizes=\"(max-width: 768px) 100vw, 768px\" \/><figcaption><em>Durch Definieren eines Nullpunkts kann auch bei Optiken ohne Skalenbeschriftung ein Zahlenwert f\u00fcr die Einstellung ermittelt werden.<\/em><\/figcaption><\/figure><\/div>\n\n\n\n<p>Bei Optiken ohne beschriftete Skala in der Verstellung drehe ich die Einstellschrauben \u201eSeite\u201c und \u201eH\u00f6he\u201c jeweils bis zum Anschlag nach links bzw. unten, wobei ich die Anzahl der Klicks z\u00e4hle. Leider l\u00e4sst sich der Anschlag oft nicht so genau definieren, da ab einem gewissen Punkt die Einstellung einfach nur zunehmend schwerg\u00e4ngig wird. Dar\u00fcber hinaus darf die Schraube auf keinen Fall weitergedreht werden, da sonst die Optik besch\u00e4digt werden kann. Um dennoch einen sauberen Nullpunkt zu erhalten, drehe ich die Schraube wieder in die andere Richtung, bis der Schraubenschlitz parallel zur Schussrichtung ausgerichtet ist (Klicks z\u00e4hlen!). Das ist dann mein definierter Nullpunkt. Nun kann ich klickz\u00e4hlenderweise wieder die urspr\u00fcngliche Einstellung vornehmen und erhalte Zahlenwerte f\u00fcr meine Einstellung, z.B. \u201e75 hoch\u201c und \u201e82 rechts\u201c.<\/p>\n\n\n\n<p>Wenn man nun jede \u00c4nderung an der Einstellung sauber notiert, muss man diesen Vorgang normalerweise nicht wiederholen. Sollte man sich dennoch mal nicht mehr sicher sein, dreht man die Schraube einfach zum definierten Nullpunkt und z\u00e4hlt dann die Klicks bis zur gew\u00fcnschten Einstellung. Als Vereinfachung k\u00f6nnen auch ganze Umdrehungen der Einstellschrauben gez\u00e4hlt werden. Dabei muss man jedoch aufpassen, da manchmal die Anzahl der Klicks pro Umdrehung bei H\u00f6hen- und Seiteneinstellung unterschiedlich sind.<\/p>\n\n\n\n<h4>Munitionsdaten und Auswertung<\/h4>\n\n\n\n<p>In den Feldern TPL 1 bis 5 auf der Anschussscheibe k\u00f6nnen entsprechend der f\u00fcnf Zielkreise f\u00fcnf Treffpunktlagen (TPL) ausgewertet werden. In der obersten Zeile wird dazu jeweils das Kriterium notiert, das die verwendeten Laborierungen voneinander unterscheidet. Also z.B. die Pulverladung oder die Munitionssorte. In der zweiten Zeile wird dann die Treffpunktlage notiert, also z.B. \u201e3 hoch\u201c und \u201e2 rechts\u201c. In der dritten Zeile kann nun die korrigierte Optik Einstellung ermittelt werden. In unserem Beispiel w\u00e4ren das \u201e72 hoch\u201c und \u201e80 rechts\u201c. In der letzten Zeile k\u00f6nnen Streukreis und Schussanzahl notiert werden.<\/p>\n\n\n\n<p>Im Notizfeld k\u00f6nnen weitere Besonderheiten vermerkt werden, z.B. die Teilung der Optikverstellung (0,1 mrad oder diverse MOA Bruchteile wie \u00bc MOA oder \u00bd MOA).<\/p>\n","protected":false},"excerpt":{"rendered":"<p>Die trefferspezifischen Daten werden zweckm\u00e4\u00dfigerweise direkt auf der Zielscheibe notiert. Dadurch stehen die Daten immer bei den zugeh\u00f6rigen Treffern. Hierf\u00fcr verwende ich, wo immer m\u00f6glich, meine Anschussscheibe im DIN A4-Format&hellip;<\/p>\n<div class=\"read-more-wrap\"><a class=\"read-more\" href=\"https:\/\/weissermilan.de\/?page_id=814\">Read More<\/a><\/div>\n","protected":false},"author":1,"featured_media":0,"parent":241,"menu_order":0,"comment_status":"closed","ping_status":"closed","template":"","meta":[],"yoast_head":"<!-- This site is optimized with the Yoast SEO plugin v19.4 - https:\/\/yoast.com\/wordpress\/plugins\/seo\/ -->\n<title>Trefferdokumentation<\/title>\n<meta name=\"robots\" content=\"index, follow, max-snippet:-1, max-image-preview:large, max-video-preview:-1\" \/>\n<link rel=\"canonical\" href=\"https:\/\/weissermilan.de\/?page_id=814\" \/>\n<meta property=\"og:locale\" content=\"de_DE\" \/>\n<meta property=\"og:type\" content=\"article\" \/>\n<meta property=\"og:title\" content=\"Trefferdokumentation\" \/>\n<meta property=\"og:description\" content=\"Die trefferspezifischen Daten werden zweckm\u00e4\u00dfigerweise direkt auf der Zielscheibe notiert. Dadurch stehen die Daten immer bei den zugeh\u00f6rigen Treffern. Hierf\u00fcr verwende ich, wo immer m\u00f6glich, meine Anschussscheibe im DIN A4-Format&hellip;Read More\" \/>\n<meta property=\"og:url\" content=\"https:\/\/weissermilan.de\/?page_id=814\" \/>\n<meta property=\"article:modified_time\" content=\"2020-08-03T13:28:58+00:00\" \/>\n<meta property=\"og:image\" content=\"https:\/\/weissermilan.de\/wp-content\/uploads\/2020\/07\/200730TrefferdokuZielscheiben-1019x1024.jpg\" \/>\n<meta name=\"twitter:card\" content=\"summary_large_image\" \/>\n<meta name=\"twitter:label1\" content=\"Gesch\u00e4tzte Lesezeit\" \/>\n\t<meta name=\"twitter:data1\" content=\"5\u00a0Minuten\" \/>\n<script type=\"application\/ld+json\" class=\"yoast-schema-graph\">{\"@context\":\"https:\/\/schema.org\",\"@graph\":[{\"@type\":\"Organization\",\"@id\":\"https:\/\/weissermilan.de\/#organization\",\"name\":\"WeisserMilan.de\",\"url\":\"https:\/\/weissermilan.de\/\",\"sameAs\":[],\"logo\":{\"@type\":\"ImageObject\",\"inLanguage\":\"de\",\"@id\":\"https:\/\/weissermilan.de\/#\/schema\/logo\/image\/\",\"url\":\"https:\/\/weissermilan.de\/wp-content\/uploads\/2018\/07\/milanlogo_transp.gif\",\"contentUrl\":\"https:\/\/weissermilan.de\/wp-content\/uploads\/2018\/07\/milanlogo_transp.gif\",\"width\":788,\"height\":788,\"caption\":\"WeisserMilan.de\"},\"image\":{\"@id\":\"https:\/\/weissermilan.de\/#\/schema\/logo\/image\/\"}},{\"@type\":\"WebSite\",\"@id\":\"https:\/\/weissermilan.de\/#website\",\"url\":\"https:\/\/weissermilan.de\/\",\"name\":\"\",\"description\":\"\",\"publisher\":{\"@id\":\"https:\/\/weissermilan.de\/#organization\"},\"potentialAction\":[{\"@type\":\"SearchAction\",\"target\":{\"@type\":\"EntryPoint\",\"urlTemplate\":\"https:\/\/weissermilan.de\/?s={search_term_string}\"},\"query-input\":\"required name=search_term_string\"}],\"inLanguage\":\"de\"},{\"@type\":\"WebPage\",\"@id\":\"https:\/\/weissermilan.de\/?page_id=814\",\"url\":\"https:\/\/weissermilan.de\/?page_id=814\",\"name\":\"Trefferdokumentation\",\"isPartOf\":{\"@id\":\"https:\/\/weissermilan.de\/#website\"},\"datePublished\":\"2020-07-31T21:07:10+00:00\",\"dateModified\":\"2020-08-03T13:28:58+00:00\",\"breadcrumb\":{\"@id\":\"https:\/\/weissermilan.de\/?page_id=814#breadcrumb\"},\"inLanguage\":\"de\",\"potentialAction\":[{\"@type\":\"ReadAction\",\"target\":[\"https:\/\/weissermilan.de\/?page_id=814\"]}]},{\"@type\":\"BreadcrumbList\",\"@id\":\"https:\/\/weissermilan.de\/?page_id=814#breadcrumb\",\"itemListElement\":[{\"@type\":\"ListItem\",\"position\":1,\"name\":\"Startseite\",\"item\":\"https:\/\/weissermilan.de\/\"},{\"@type\":\"ListItem\",\"position\":2,\"name\":\"Waffen\",\"item\":\"https:\/\/weissermilan.de\/?page_id=101\"},{\"@type\":\"ListItem\",\"position\":3,\"name\":\"Datenbuch\",\"item\":\"https:\/\/weissermilan.de\/?page_id=241\"},{\"@type\":\"ListItem\",\"position\":4,\"name\":\"Trefferdokumentation\"}]}]}<\/script>\n<!-- \/ Yoast SEO plugin. -->","yoast_head_json":{"title":"Trefferdokumentation","robots":{"index":"index","follow":"follow","max-snippet":"max-snippet:-1","max-image-preview":"max-image-preview:large","max-video-preview":"max-video-preview:-1"},"canonical":"https:\/\/weissermilan.de\/?page_id=814","og_locale":"de_DE","og_type":"article","og_title":"Trefferdokumentation","og_description":"Die trefferspezifischen Daten werden zweckm\u00e4\u00dfigerweise direkt auf der Zielscheibe notiert. Dadurch stehen die Daten immer bei den zugeh\u00f6rigen Treffern. Hierf\u00fcr verwende ich, wo immer m\u00f6glich, meine Anschussscheibe im DIN A4-Format&hellip;Read More","og_url":"https:\/\/weissermilan.de\/?page_id=814","article_modified_time":"2020-08-03T13:28:58+00:00","og_image":[{"url":"https:\/\/weissermilan.de\/wp-content\/uploads\/2020\/07\/200730TrefferdokuZielscheiben-1019x1024.jpg"}],"twitter_card":"summary_large_image","twitter_misc":{"Gesch\u00e4tzte Lesezeit":"5\u00a0Minuten"},"schema":{"@context":"https:\/\/schema.org","@graph":[{"@type":"Organization","@id":"https:\/\/weissermilan.de\/#organization","name":"WeisserMilan.de","url":"https:\/\/weissermilan.de\/","sameAs":[],"logo":{"@type":"ImageObject","inLanguage":"de","@id":"https:\/\/weissermilan.de\/#\/schema\/logo\/image\/","url":"https:\/\/weissermilan.de\/wp-content\/uploads\/2018\/07\/milanlogo_transp.gif","contentUrl":"https:\/\/weissermilan.de\/wp-content\/uploads\/2018\/07\/milanlogo_transp.gif","width":788,"height":788,"caption":"WeisserMilan.de"},"image":{"@id":"https:\/\/weissermilan.de\/#\/schema\/logo\/image\/"}},{"@type":"WebSite","@id":"https:\/\/weissermilan.de\/#website","url":"https:\/\/weissermilan.de\/","name":"","description":"","publisher":{"@id":"https:\/\/weissermilan.de\/#organization"},"potentialAction":[{"@type":"SearchAction","target":{"@type":"EntryPoint","urlTemplate":"https:\/\/weissermilan.de\/?s={search_term_string}"},"query-input":"required name=search_term_string"}],"inLanguage":"de"},{"@type":"WebPage","@id":"https:\/\/weissermilan.de\/?page_id=814","url":"https:\/\/weissermilan.de\/?page_id=814","name":"Trefferdokumentation","isPartOf":{"@id":"https:\/\/weissermilan.de\/#website"},"datePublished":"2020-07-31T21:07:10+00:00","dateModified":"2020-08-03T13:28:58+00:00","breadcrumb":{"@id":"https:\/\/weissermilan.de\/?page_id=814#breadcrumb"},"inLanguage":"de","potentialAction":[{"@type":"ReadAction","target":["https:\/\/weissermilan.de\/?page_id=814"]}]},{"@type":"BreadcrumbList","@id":"https:\/\/weissermilan.de\/?page_id=814#breadcrumb","itemListElement":[{"@type":"ListItem","position":1,"name":"Startseite","item":"https:\/\/weissermilan.de\/"},{"@type":"ListItem","position":2,"name":"Waffen","item":"https:\/\/weissermilan.de\/?page_id=101"},{"@type":"ListItem","position":3,"name":"Datenbuch","item":"https:\/\/weissermilan.de\/?page_id=241"},{"@type":"ListItem","position":4,"name":"Trefferdokumentation"}]}]}},"_links":{"self":[{"href":"https:\/\/weissermilan.de\/index.php?rest_route=\/wp\/v2\/pages\/814"}],"collection":[{"href":"https:\/\/weissermilan.de\/index.php?rest_route=\/wp\/v2\/pages"}],"about":[{"href":"https:\/\/weissermilan.de\/index.php?rest_route=\/wp\/v2\/types\/page"}],"author":[{"embeddable":true,"href":"https:\/\/weissermilan.de\/index.php?rest_route=\/wp\/v2\/users\/1"}],"replies":[{"embeddable":true,"href":"https:\/\/weissermilan.de\/index.php?rest_route=%2Fwp%2Fv2%2Fcomments&post=814"}],"version-history":[{"count":10,"href":"https:\/\/weissermilan.de\/index.php?rest_route=\/wp\/v2\/pages\/814\/revisions"}],"predecessor-version":[{"id":856,"href":"https:\/\/weissermilan.de\/index.php?rest_route=\/wp\/v2\/pages\/814\/revisions\/856"}],"up":[{"embeddable":true,"href":"https:\/\/weissermilan.de\/index.php?rest_route=\/wp\/v2\/pages\/241"}],"wp:attachment":[{"href":"https:\/\/weissermilan.de\/index.php?rest_route=%2Fwp%2Fv2%2Fmedia&parent=814"}],"curies":[{"name":"wp","href":"https:\/\/api.w.org\/{rel}","templated":true}]}}